{"id":76,"date":"2017-07-04T10:19:50","date_gmt":"2017-07-04T08:19:50","guid":{"rendered":"http:\/\/losdelanoche.fr\/?page_id=76"},"modified":"2022-04-23T10:39:48","modified_gmt":"2022-04-23T08:39:48","slug":"galerie-videos","status":"publish","type":"page","link":"https:\/\/losdelanoche.fr\/index.php\/galerie-videos\/","title":{"rendered":"GALERIE"},"content":{"rendered":"\n<h3 class=\"wp-block-heading\">Photos<\/h3>\n\n\n\n\n<div class=\"ngg-galleryoverview\" id=\"ngg-gallery-b176e16c3e317a2714918ef21ccdb93f-76\">\n\n\t\t\n\t<!-- Thumbnails -->\n\t\t\t\t\t\n\t<div id=\"ngg-image-1\" class=\"ngg-gallery-thumbnail-box\" style=\"width:25%;\" >\n\t\t<div class=\"ngg-gallery-thumbnail\" >\n\t\t\t<a href=\"https:\/\/losdelanoche.fr\/wp-content\/gallery\/photos\/Los-De-La-Noche-27-08-2016-10.jpg\"\n\t\t\t\ttitle=\" \"\n\t\t\t\tclass=\"ngg-fancybox\" rel=\"b176e16c3e317a2714918ef21ccdb93f\" data-image-id=\"1\" data-src=\"https:\/\/losdelanoche.fr\/wp-content\/gallery\/photos\/Los-De-La-Noche-27-08-2016-10.jpg\" data-thumbnail=\"https:\/\/losdelanoche.fr\/wp-content\/gallery\/photos\/cache\/Los-De-La-Noche-27-08-2016-10.jpg-nggid011-ngg0dyn-262x160x100-00f0w010c011r110f110r010t010.jpg\" data-title=\"Los De La Noche 27-08-2016-10\" data-description=\" \" >\n\t\t\t\t\t\t\t\t<img title=\"Los De La Noche 27-08-2016-10\" alt=\"Los De La Noche 27-08-2016-10\" src=\"https:\/\/losdelanoche.fr\/wp-content\/gallery\/photos\/cache\/Los-De-La-Noche-27-08-2016-10.jpg-nggid011-ngg0dyn-262x160x100-00f0w010c011r110f110r010t010.jpg\" width='262' height='160' \/>\n\t\t\t\t\t\t\t<\/a>\n\t\t<\/div>\n\t<\/div>\n\n\t\t\t\t\t\t\t\t\t\t\t\t\t\t\n\t\t\n\t<div id=\"ngg-image-24\" class=\"ngg-gallery-thumbnail-box\" style=\"width:25%;\" >\n\t\t<div class=\"ngg-gallery-thumbnail\" >\n\t\t\t<a href=\"https:\/\/losdelanoche.fr\/wp-content\/gallery\/photos\/DSC_3265.jpg\"\n\t\t\t\ttitle=\" \"\n\t\t\t\tclass=\"ngg-fancybox\" rel=\"b176e16c3e317a2714918ef21ccdb93f\" data-image-id=\"24\" data-src=\"https:\/\/losdelanoche.fr\/wp-content\/gallery\/photos\/DSC_3265.jpg\" data-thumbnail=\"https:\/\/losdelanoche.fr\/wp-content\/gallery\/photos\/cache\/DSC_3265.jpg-nggid0224-ngg0dyn-262x160x100-00f0w010c011r110f110r010t010.jpg\" data-title=\"DSC_3265\" data-description=\" \" >\n\t\t\t\t\t\t\t\t<img title=\"DSC_3265\" alt=\"DSC_3265\" src=\"https:\/\/losdelanoche.fr\/wp-content\/gallery\/photos\/cache\/DSC_3265.jpg-nggid0224-ngg0dyn-262x160x100-00f0w010c011r110f110r010t010.jpg\" width='262' height='160' \/>\n\t\t\t\t\t\t\t<\/a>\n\t\t<\/div>\n\t<\/div>\n\n\t\t\t\t\t\t\t\t\t\t\t\t\t\t\n\t\t\n\t<div id=\"ngg-image-31\" class=\"ngg-gallery-thumbnail-box\" style=\"width:25%;\" >\n\t\t<div class=\"ngg-gallery-thumbnail\" >\n\t\t\t<a href=\"https:\/\/losdelanoche.fr\/wp-content\/gallery\/photos\/Los-de-la-Noche-Flamenco-gypsy-Espa%C3%B1ol-9.jpg\"\n\t\t\t\ttitle=\" \"\n\t\t\t\tclass=\"ngg-fancybox\" rel=\"b176e16c3e317a2714918ef21ccdb93f\" data-image-id=\"31\" data-src=\"https:\/\/losdelanoche.fr\/wp-content\/gallery\/photos\/Los-de-la-Noche-Flamenco-gypsy-Espa%C3%B1ol-9.jpg\" data-thumbnail=\"https:\/\/losdelanoche.fr\/wp-content\/gallery\/photos\/cache\/Los-de-la-Noche-Flamenco-gypsy-Espa%C3%B1ol-9.jpg-nggid0231-ngg0dyn-262x160x100-00f0w010c011r110f110r010t010.jpg\" data-title=\"Los de la Noche - Flamenco gypsy Espa\u00f1ol (9)\" data-description=\" \" >\n\t\t\t\t\t\t\t\t<img title=\"Los de la Noche - Flamenco gypsy Espa\u00f1ol (9)\" alt=\"Los de la Noche - Flamenco gypsy Espa\u00f1ol (9)\" src=\"https:\/\/losdelanoche.fr\/wp-content\/gallery\/photos\/cache\/Los-de-la-Noche-Flamenco-gypsy-Espa%C3%B1ol-9.jpg-nggid0231-ngg0dyn-262x160x100-00f0w010c011r110f110r010t010.jpg\" width='262' height='160' \/>\n\t\t\t\t\t\t\t<\/a>\n\t\t<\/div>\n\t<\/div>\n\n\t\t\t\t\t\t\t\t\t\t\t\t\t\t\n\t\t\n\t<div id=\"ngg-image-15\" class=\"ngg-gallery-thumbnail-box\" style=\"width:25%;\" >\n\t\t<div class=\"ngg-gallery-thumbnail\" >\n\t\t\t<a href=\"https:\/\/losdelanoche.fr\/wp-content\/gallery\/photos\/Los-De-La-Noche-27-08-2016-99.jpg\"\n\t\t\t\ttitle=\" \"\n\t\t\t\tclass=\"ngg-fancybox\" rel=\"b176e16c3e317a2714918ef21ccdb93f\" data-image-id=\"15\" data-src=\"https:\/\/losdelanoche.fr\/wp-content\/gallery\/photos\/Los-De-La-Noche-27-08-2016-99.jpg\" data-thumbnail=\"https:\/\/losdelanoche.fr\/wp-content\/gallery\/photos\/cache\/Los-De-La-Noche-27-08-2016-99.jpg-nggid0215-ngg0dyn-262x160x100-00f0w010c011r110f110r010t010.jpg\" data-title=\"Los De La Noche 27-08-2016-99\" data-description=\" \" >\n\t\t\t\t\t\t\t\t<img title=\"Los De La Noche 27-08-2016-99\" alt=\"Los De La Noche 27-08-2016-99\" src=\"https:\/\/losdelanoche.fr\/wp-content\/gallery\/photos\/cache\/Los-De-La-Noche-27-08-2016-99.jpg-nggid0215-ngg0dyn-262x160x100-00f0w010c011r110f110r010t010.jpg\" width='262' height='160' \/>\n\t\t\t\t\t\t\t<\/a>\n\t\t<\/div>\n\t<\/div>\n\n\t\t\t\t\t\t\t\t\t\t\t\t\t<br style=\"clear: both\" \/>\n\t\t\t\t\t\t\n\t\t\n\t<div id=\"ngg-image-16\" class=\"ngg-gallery-thumbnail-box\" style=\"width:25%;\" >\n\t\t<div class=\"ngg-gallery-thumbnail\" >\n\t\t\t<a href=\"https:\/\/losdelanoche.fr\/wp-content\/gallery\/photos\/Los-De-La-Noche-27-08-2016-109.jpg\"\n\t\t\t\ttitle=\" \"\n\t\t\t\tclass=\"ngg-fancybox\" rel=\"b176e16c3e317a2714918ef21ccdb93f\" data-image-id=\"16\" data-src=\"https:\/\/losdelanoche.fr\/wp-content\/gallery\/photos\/Los-De-La-Noche-27-08-2016-109.jpg\" data-thumbnail=\"https:\/\/losdelanoche.fr\/wp-content\/gallery\/photos\/cache\/Los-De-La-Noche-27-08-2016-109.jpg-nggid0216-ngg0dyn-262x160x100-00f0w010c011r110f110r010t010.jpg\" data-title=\"Los De La Noche 27-08-2016-109\" data-description=\" \" >\n\t\t\t\t\t\t\t\t<img title=\"Los De La Noche 27-08-2016-109\" alt=\"Los De La Noche 27-08-2016-109\" src=\"https:\/\/losdelanoche.fr\/wp-content\/gallery\/photos\/cache\/Los-De-La-Noche-27-08-2016-109.jpg-nggid0216-ngg0dyn-262x160x100-00f0w010c011r110f110r010t010.jpg\" width='262' height='160' \/>\n\t\t\t\t\t\t\t<\/a>\n\t\t<\/div>\n\t<\/div>\n\n\t\t\t\t\t\t\t\t\t\t\t\t\t\t\n\t\t\n\t<div id=\"ngg-image-23\" class=\"ngg-gallery-thumbnail-box\" style=\"width:25%;\" >\n\t\t<div class=\"ngg-gallery-thumbnail\" >\n\t\t\t<a href=\"https:\/\/losdelanoche.fr\/wp-content\/gallery\/photos\/DSC_3261.jpg\"\n\t\t\t\ttitle=\" \"\n\t\t\t\tclass=\"ngg-fancybox\" rel=\"b176e16c3e317a2714918ef21ccdb93f\" data-image-id=\"23\" data-src=\"https:\/\/losdelanoche.fr\/wp-content\/gallery\/photos\/DSC_3261.jpg\" data-thumbnail=\"https:\/\/losdelanoche.fr\/wp-content\/gallery\/photos\/cache\/DSC_3261.jpg-nggid0223-ngg0dyn-262x160x100-00f0w010c011r110f110r010t010.jpg\" data-title=\"DSC_3261\" data-description=\" \" >\n\t\t\t\t\t\t\t\t<img title=\"DSC_3261\" alt=\"DSC_3261\" src=\"https:\/\/losdelanoche.fr\/wp-content\/gallery\/photos\/cache\/DSC_3261.jpg-nggid0223-ngg0dyn-262x160x100-00f0w010c011r110f110r010t010.jpg\" width='262' height='160' \/>\n\t\t\t\t\t\t\t<\/a>\n\t\t<\/div>\n\t<\/div>\n\n\t\t\t\t\t\t\t\t\t\t\t\t\t\t\n\t\t\n\t<div id=\"ngg-image-7\" class=\"ngg-gallery-thumbnail-box\" style=\"width:25%;\" >\n\t\t<div class=\"ngg-gallery-thumbnail\" >\n\t\t\t<a href=\"https:\/\/losdelanoche.fr\/wp-content\/gallery\/photos\/Los-De-La-Noche-27-08-2016-58.jpg\"\n\t\t\t\ttitle=\" \"\n\t\t\t\tclass=\"ngg-fancybox\" rel=\"b176e16c3e317a2714918ef21ccdb93f\" data-image-id=\"7\" data-src=\"https:\/\/losdelanoche.fr\/wp-content\/gallery\/photos\/Los-De-La-Noche-27-08-2016-58.jpg\" data-thumbnail=\"https:\/\/losdelanoche.fr\/wp-content\/gallery\/photos\/cache\/Los-De-La-Noche-27-08-2016-58.jpg-nggid017-ngg0dyn-262x160x100-00f0w010c011r110f110r010t010.jpg\" data-title=\"Los De La Noche 27-08-2016-58\" data-description=\" \" >\n\t\t\t\t\t\t\t\t<img title=\"Los De La Noche 27-08-2016-58\" alt=\"Los De La Noche 27-08-2016-58\" src=\"https:\/\/losdelanoche.fr\/wp-content\/gallery\/photos\/cache\/Los-De-La-Noche-27-08-2016-58.jpg-nggid017-ngg0dyn-262x160x100-00f0w010c011r110f110r010t010.jpg\" width='262' height='160' \/>\n\t\t\t\t\t\t\t<\/a>\n\t\t<\/div>\n\t<\/div>\n\n\t\t\t\t\t\t\t\t\t\t\t\t\t\t\n\t\t\n\t<div id=\"ngg-image-8\" class=\"ngg-gallery-thumbnail-box\" style=\"width:25%;\" >\n\t\t<div class=\"ngg-gallery-thumbnail\" >\n\t\t\t<a href=\"https:\/\/losdelanoche.fr\/wp-content\/gallery\/photos\/Los-De-La-Noche-27-08-2016-62.jpg\"\n\t\t\t\ttitle=\" \"\n\t\t\t\tclass=\"ngg-fancybox\" rel=\"b176e16c3e317a2714918ef21ccdb93f\" data-image-id=\"8\" data-src=\"https:\/\/losdelanoche.fr\/wp-content\/gallery\/photos\/Los-De-La-Noche-27-08-2016-62.jpg\" data-thumbnail=\"https:\/\/losdelanoche.fr\/wp-content\/gallery\/photos\/cache\/Los-De-La-Noche-27-08-2016-62.jpg-nggid018-ngg0dyn-262x160x100-00f0w010c011r110f110r010t010.jpg\" data-title=\"Los De La Noche 27-08-2016-62\" data-description=\" \" >\n\t\t\t\t\t\t\t\t<img title=\"Los De La Noche 27-08-2016-62\" alt=\"Los De La Noche 27-08-2016-62\" src=\"https:\/\/losdelanoche.fr\/wp-content\/gallery\/photos\/cache\/Los-De-La-Noche-27-08-2016-62.jpg-nggid018-ngg0dyn-262x160x100-00f0w010c011r110f110r010t010.jpg\" width='262' height='160' \/>\n\t\t\t\t\t\t\t<\/a>\n\t\t<\/div>\n\t<\/div>\n\n\t\t\t\t\t\t\t\t\t\t\t\t\t<br style=\"clear: both\" \/>\n\t\t\t\t\t\t\n\t\t\n\t<!-- Pagination -->\n\t\t<div class='ngg-navigation'><span class='current'>1<\/span>\n<a class='page-numbers' data-pageid='2' href='https:\/\/losdelanoche.fr\/index.php\/galerie-videos\/nggallery\/page\/2'>2<\/a>\n<span class='ellipsis'>...<\/span>\n<a class='page-numbers' data-pageid='4' href='https:\/\/losdelanoche.fr\/index.php\/galerie-videos\/nggallery\/page\/4'>4<\/a>\n<a class='prev' href='https:\/\/losdelanoche.fr\/index.php\/galerie-videos\/nggallery\/page\/2' data-pageid=2>&#9658;<\/a><\/div>\t\n<\/div>\n\n\t\n\n\n\n<h3 class=\"wp-block-heading\">Videos<\/h3>\n\n\n\n<p><strong>FLAMENCO GYSPY ESPA\u00d1OLATINO LILLE HAUTS DE FRANCE : Repertoire Fusion<\/strong><\/p>\n\n\n<p><iframe loading=\"lazy\" title=\"FLAMENCO GYPSY ESPA\u00d1OL LATINO Lille Hauts de France Nord Pas de Calais Picardie LOS DE LA NOCHE\" width=\"750\" height=\"422\" src=\"https:\/\/www.youtube.com\/embed\/XNoJbUJ1CKs?feature=oembed\" frameborder=\"0\" allow=\"accelerometer; autoplay; clipboard-write; encrypted-media; gyroscope; picture-in-picture\" allowfullscreen><\/iframe><\/p>\n\n\n\n<p><strong>GYSPY ESPA\u00d1OL LILLE HAUTS DE FRANCE en concert de proximit\u00e9<\/strong><\/p>\n\n\n<p><iframe loading=\"lazy\" title=\"Los de la noche flamenco gypsy nord pas de calais lille\" width=\"750\" height=\"422\" src=\"https:\/\/www.youtube.com\/embed\/OfBXiH5LbO8?feature=oembed\" frameborder=\"0\" allow=\"accelerometer; autoplay; clipboard-write; encrypted-media; gyroscope; picture-in-picture\" allowfullscreen><\/iframe><\/p>\n\n\n\n<p><strong>FLAMENCO LILLE HAUTS DE FRANCE avec Estrella La Peli de Linares<br><\/strong><\/p>\n\n\n<p><iframe loading=\"lazy\" title=\"cours danse Flamenco Lille Pe\u00f1a Estrella Nord pas de calais Picardie Hauts de France\" width=\"750\" height=\"422\" src=\"https:\/\/www.youtube.com\/embed\/1zNPHIaXAgs?feature=oembed\" frameborder=\"0\" allow=\"accelerometer; autoplay; clipboard-write; encrypted-media; gyroscope; picture-in-picture\" allowfullscreen><\/iframe><\/p>\n\n\n\n<p><strong>LOS GRINGOS Musique Pop Latino Cumbia Hauts de France Lille<\/strong><\/p>\n\n\n<p><iframe loading=\"lazy\" title=\"LOS GRINGOS Musique Mexicaine Latino Lille Nord pas de Calais Picardie Hauts de France\" width=\"750\" height=\"422\" src=\"https:\/\/www.youtube.com\/embed\/azfNMkKJ6kc?feature=oembed\" frameborder=\"0\" allow=\"accelerometer; autoplay; clipboard-write; encrypted-media; gyroscope; picture-in-picture\" allowfullscreen><\/iframe><\/p>\n\n\n\n<h3 class=\"wp-block-heading\">&nbsp;<\/h3>\n\n\n\n<figure class=\"wp-block-embed is-type-video is-provider-youtube wp-block-embed-youtube wp-embed-aspect-16-9 wp-has-aspect-ratio\"><div class=\"wp-block-embed__wrapper\">\n<iframe loading=\"lazy\" title=\"LOS DE LA NOCHE Autour de la Sc\u00e8ne A L&#039;\u00e9cole du Flamenco Hauts de France Lille Nord pas de Calais\" width=\"750\" height=\"422\" src=\"https:\/\/www.youtube.com\/embed\/o0TzpMn9B7k?feature=oembed\" frameborder=\"0\" allow=\"accelerometer; autoplay; clipboard-write; encrypted-media; gyroscope; picture-in-picture\" allowfullscreen><\/iframe>\n<\/div><\/figure>\n\n\n\n<h3 class=\"wp-block-heading\">&nbsp;<\/h3>\n\n\n\n<h3 class=\"wp-block-heading\">Presse<\/h3>\n\n\n\n<figure class=\"wp-block-gallery has-nested-images columns-default is-cropped wp-block-gallery-1 is-layout-flex wp-block-gallery-is-layout-flex\"><\/figure>\n\n\n\n<h3 class=\"wp-block-heading\">Manifestations<\/h3>\n\n\n\n<p><strong>LOS DE LA NOCHE des artistes engag\u00e9s<br><\/strong><\/p>\n\n\n<p><iframe loading=\"lazy\" title=\"Seguir bailando - Flashmob des Occupants du Sebasto - 1er mai 2021\" width=\"750\" height=\"422\" src=\"https:\/\/www.youtube.com\/embed\/PKaomoaBQ18?feature=oembed\" frameborder=\"0\" allow=\"accelerometer; autoplay; clipboard-write; encrypted-media; gyroscope; picture-in-picture\" allowfullscreen><\/iframe><\/p>\n","protected":false},"excerpt":{"rendered":"<p>Photos \u00a0\u00bb template=\u00a0\u00bb\/home\/losdelanqf\/www\/wp-content\/plugins\/nextgen-gallery\/products\/photocrati_nextgen\/modules\/ngglegacy\/view\/gallery.php\u00a0\u00bb order_by=\u00a0\u00bbsortorder\u00a0\u00bb order_direction=\u00a0\u00bbASC\u00a0\u00bb returns=\u00a0\u00bbincluded\u00a0\u00bb maximum_entity_count=\u00a0\u00bb500&Prime;] Videos FLAMENCO GYSPY ESPA\u00d1OLATINO LILLE HAUTS DE FRANCE : Repertoire Fusion GYSPY ESPA\u00d1OL LILLE HAUTS DE FRANCE en concert de proximit\u00e9 FLAMENCO LILLE HAUTS DE FRANCE avec Estrella La Peli de Linares LOS GRINGOS Musique Pop Latino Cumbia Hauts de France Lille &nbsp; [&hellip;]<\/p>\n","protected":false},"author":1,"featured_media":0,"parent":0,"menu_order":0,"comment_status":"closed","ping_status":"closed","template":"","meta":{"ngg_post_thumbnail":0,"footnotes":""},"_links":{"self":[{"href":"https:\/\/losdelanoche.fr\/index.php\/wp-json\/wp\/v2\/pages\/76"}],"collection":[{"href":"https:\/\/losdelanoche.fr\/index.php\/wp-json\/wp\/v2\/pages"}],"about":[{"href":"https:\/\/losdelanoche.fr\/index.php\/wp-json\/wp\/v2\/types\/page"}],"author":[{"embeddable":true,"href":"https:\/\/losdelanoche.fr\/index.php\/wp-json\/wp\/v2\/users\/1"}],"replies":[{"embeddable":true,"href":"https:\/\/losdelanoche.fr\/index.php\/wp-json\/wp\/v2\/comments?post=76"}],"version-history":[{"count":28,"href":"https:\/\/losdelanoche.fr\/index.php\/wp-json\/wp\/v2\/pages\/76\/revisions"}],"predecessor-version":[{"id":5440,"href":"https:\/\/losdelanoche.fr\/index.php\/wp-json\/wp\/v2\/pages\/76\/revisions\/5440"}],"wp:attachment":[{"href":"https:\/\/losdelanoche.fr\/index.php\/wp-json\/wp\/v2\/media?parent=76"}],"curies":[{"name":"wp","href":"https:\/\/api.w.org\/{rel}","templated":true}]}}